{"id":103,"date":"2024-03-14T12:48:52","date_gmt":"2024-03-14T12:48:52","guid":{"rendered":"https:\/\/backup.wieczerzak.pl\/?page_id=103"},"modified":"2024-03-14T12:48:52","modified_gmt":"2024-03-14T12:48:52","slug":"programowanie-narzedzi-etl","status":"publish","type":"page","link":"https:\/\/backup.wieczerzak.pl\/?page_id=103","title":{"rendered":"Programowanie narz\u0119dzi ETL"},"content":{"rendered":"\n<p>Do\u015bwiadczenie zawodowe zwi\u0105zane z narz\u0119dziami ETL zbieram od roku 2000, kiedy ko\u0144czy\u0142em swoj\u0105 prac\u0119 in\u017cyniersk\u0105 na Politechnice Pozna\u0144skiej. Projekt budowy prostego systemu do analizy danych sprzeda\u017cy technik\u0105 OLAP tworzony by\u0142 zespo\u0142owo i opiera\u0142 si\u0119 na stacku technologicznym sk\u0142adaj\u0105cym si\u0119 z bazy danych Teradata, aplikacji Business Ingelligence, kt\u00f3rym by\u0142 Business Objects oraz narz\u0119dzia  ETL &#8211; Data Junction.<\/p>\n\n\n\n<p>Z biegiem lat w pracy jako analityk i programista Hurtowni Danych oraz Business Intelligence poznawa\u0142em coraz to nowe rozwi\u0105zania, umo\u017cliwiaj\u0105ce zasilanie hurtowni danych i data mart\u00f3w. By\u0142y to, m.in. Data Stage, SSIS, Oracle Warehouse Builder, ODI oraz Informatica PowerCenter. Uczestniczy\u0142em r\u00f3wnie\u017c w projektach, kt\u00f3re wymaga\u0142y tworzenie nowych modu\u0142\u00f3w w oparciu o frameworki napisane &#8222;od pocz\u0105tku&#8221; w j\u0119zykach 4GL, jak np. PL\/SQL, Informix-4GL, T-SQL.<\/p>\n","protected":false},"excerpt":{"rendered":"<p>Do\u015bwiadczenie zawodowe zwi\u0105zane z narz\u0119dziami ETL zbieram od roku 2000, kiedy ko\u0144czy\u0142em swoj\u0105 prac\u0119 in\u017cyniersk\u0105 na Politechnice Pozna\u0144skiej. Projekt budowy prostego systemu do analizy danych sprzeda\u017cy technik\u0105 OLAP tworzony by\u0142 zespo\u0142owo i opiera\u0142 si\u0119 na stacku technologicznym sk\u0142adaj\u0105cym si\u0119 z bazy danych Teradata, aplikacji Business Ingelligence, kt\u00f3rym by\u0142 Business Objects oraz narz\u0119dzia ETL &#8211; Data &hellip; <a href=\"https:\/\/backup.wieczerzak.pl\/?page_id=103\" class=\"more-link\">Czytaj dalej <span class=\"screen-reader-text\">Programowanie narz\u0119dzi ETL<\/span><\/a><\/p>\n","protected":false},"author":1,"featured_media":0,"parent":0,"menu_order":0,"comment_status":"closed","ping_status":"closed","template":"","meta":{"footnotes":""},"_links":{"self":[{"href":"https:\/\/backup.wieczerzak.pl\/index.php?rest_route=\/wp\/v2\/pages\/103"}],"collection":[{"href":"https:\/\/backup.wieczerzak.pl\/index.php?rest_route=\/wp\/v2\/pages"}],"about":[{"href":"https:\/\/backup.wieczerzak.pl\/index.php?rest_route=\/wp\/v2\/types\/page"}],"author":[{"embeddable":true,"href":"https:\/\/backup.wieczerzak.pl\/index.php?rest_route=\/wp\/v2\/users\/1"}],"replies":[{"embeddable":true,"href":"https:\/\/backup.wieczerzak.pl\/index.php?rest_route=%2Fwp%2Fv2%2Fcomments&post=103"}],"version-history":[{"count":1,"href":"https:\/\/backup.wieczerzak.pl\/index.php?rest_route=\/wp\/v2\/pages\/103\/revisions"}],"predecessor-version":[{"id":104,"href":"https:\/\/backup.wieczerzak.pl\/index.php?rest_route=\/wp\/v2\/pages\/103\/revisions\/104"}],"wp:attachment":[{"href":"https:\/\/backup.wieczerzak.pl\/index.php?rest_route=%2Fwp%2Fv2%2Fmedia&parent=103"}],"curies":[{"name":"wp","href":"https:\/\/api.w.org\/{rel}","templated":true}]}}