{"id":106,"date":"2024-03-14T12:55:17","date_gmt":"2024-03-14T12:55:17","guid":{"rendered":"https:\/\/backup.wieczerzak.pl\/?page_id=106"},"modified":"2024-03-14T12:55:17","modified_gmt":"2024-03-14T12:55:17","slug":"informatica-powercenter","status":"publish","type":"page","link":"https:\/\/backup.wieczerzak.pl\/?page_id=106","title":{"rendered":"Informatica PowerCenter"},"content":{"rendered":"\n<p>Oferuj\u0119 Pa\u0144stwu wsparcie przy utrzymaniu i rozbudowie rozwi\u0105za\u0144 wykorzystuj\u0105cych narz\u0119dzie Informatica PowerCenter. Posiadam r\u00f3wnie\u017c wiedz\u0119 i do\u015bwiadczenie umo\u017cliwiaj\u0105ce migracj\u0119 proces\u00f3w \u0142adowania danych przy u\u017cyciu chmurowych narz\u0119dzi firmy Informatica.<\/p>\n","protected":false},"excerpt":{"rendered":"<p>Oferuj\u0119 Pa\u0144stwu wsparcie przy utrzymaniu i rozbudowie rozwi\u0105za\u0144 wykorzystuj\u0105cych narz\u0119dzie Informatica PowerCenter. Posiadam r\u00f3wnie\u017c wiedz\u0119 i do\u015bwiadczenie umo\u017cliwiaj\u0105ce migracj\u0119 proces\u00f3w \u0142adowania danych przy u\u017cyciu chmurowych narz\u0119dzi firmy Informatica.<\/p>\n","protected":false},"author":1,"featured_media":0,"parent":0,"menu_order":0,"comment_status":"closed","ping_status":"closed","template":"","meta":{"footnotes":""},"_links":{"self":[{"href":"https:\/\/backup.wieczerzak.pl\/index.php?rest_route=\/wp\/v2\/pages\/106"}],"collection":[{"href":"https:\/\/backup.wieczerzak.pl\/index.php?rest_route=\/wp\/v2\/pages"}],"about":[{"href":"https:\/\/backup.wieczerzak.pl\/index.php?rest_route=\/wp\/v2\/types\/page"}],"author":[{"embeddable":true,"href":"https:\/\/backup.wieczerzak.pl\/index.php?rest_route=\/wp\/v2\/users\/1"}],"replies":[{"embeddable":true,"href":"https:\/\/backup.wieczerzak.pl\/index.php?rest_route=%2Fwp%2Fv2%2Fcomments&post=106"}],"version-history":[{"count":1,"href":"https:\/\/backup.wieczerzak.pl\/index.php?rest_route=\/wp\/v2\/pages\/106\/revisions"}],"predecessor-version":[{"id":107,"href":"https:\/\/backup.wieczerzak.pl\/index.php?rest_route=\/wp\/v2\/pages\/106\/revisions\/107"}],"wp:attachment":[{"href":"https:\/\/backup.wieczerzak.pl\/index.php?rest_route=%2Fwp%2Fv2%2Fmedia&parent=106"}],"curies":[{"name":"wp","href":"https:\/\/api.w.org\/{rel}","templated":true}]}}